r when 1010 is divided by 6.
2
Calculate the remainder when 855 is divided by 187.
107
Calculate the remainder when 643 is divided by 28.
27
Calculate the remainder when 580 is divided by 42.
34
What is the remainder when 68 is divided by 36?
32
Calculate the remainder when 257 is divided by 26.
23
Calculate the remainder when 216 is divided by 11.
7
Calculate the remainder when 469 is divided by 145.
34
Calculate the remainder when 2110 is divided by 96.
94
What is the remainder when 172 is divided by 37?
24
What is the remainder when 215 is divided by 30?
5
What is the remainder when 52 is divided by 17?
1
What is the remainder when 105 is divided by 38?
29
What is the remainder when 976 is divided by 303?
67
Calculate the remainder when 1622 is divided by 89.
20
Calculate the remainder when 261 is divided by 34.
23
What is the remainder when 24847 is divided by 25?
22
What is the remainder when 2089 is divided by 10?
9
What is the remainder when 164 is divided by 35?
24
What is the remainder when 2397 is divided by 15?
12
Calculate the remainder when 402 is divided by 7.
3
Calculate the remainder when 257 is divided by 20.
17
What is the remainder when 254 is divided by 112?
30
Calculate the remainder when 23 is divided by 2.
1
What is the remainder when 35617 is divided by 31?
29
What is the remainder when 2013 is divided by 119?
109
What is the remainder when 1186 is divided by 67?
47
What is the remainder when 3539 is divided by 91?
81
Calculate the remainder when 40171 is divided by 23.
13
What is the remainder when 187 is divided by 12?
7
What is the remainder when 24297 is divided by 225?
222
Calculate the remainder when 2545 is divided by 28.
25
Calculate the remainder when 38 is divided by 13.
12
What is the remainder when 10378 is divided by 1480?
18
What is the remainder when 791 is divided by 782?
9
What is the remainder when 1200 is divided by 399?
3
Calculate the remainder when 283 is divided by 7.
3
What is the remainder when 1173 is divided by 31?
26
What is the remainder when 317 is divided by 66?
53
Calculate the remainder when 1660 is divided by 545.
25
Calculate the remainder when 1997 is divided by 6.
5
Calculate the remainder when 112 is divided by 26.
8
Calculate the remainder when 103 is divided by 95.
8
Calculate the remainder when 340 is divided by 18.
16
What is the remainder when 279 is divided by 2?
1
Calculate the remainder when 380 is divided by 64.
60
Calculate the remainder when 5 is divided by 1.
0
Calculate the remainder when 619 is divided by 303.
13
What is the remainder when 776 is divided by 160?
136
What is the remainder when 75 is divided by 28?
19
Calculate the remainder when 765 is divided by 251.
12
Calculate the remainder when 71 is divided by 25.
21
What is the remainder when 111 is divided by 6?
3
Calculate the remainder when 246 is divided by 63.
57
What is the remainder when 987 is divided by 22?
19
What is the remainder when 643 is divided by 20?
3
What is the remainder when 355 is divided by 100?
55
What is the remainder when 41 is divided by 11?
8
Calculate the remainder when 264 is divided by 86.
6
Calculate the remainder when 753 is divided by 242.
27
What is the remainder when 48689 is divided by 259?
256
What is the remainder when 744 is divided by 249?
246
What is the remainder when 1026 is divided by 12?
6
What is the remainder when 2280 is divided by 378?
12
Calculate the remainder when 4999 is divided by 18.
13
Calculate the remainder when 125 is divided by 13.
8
Calculate the remainder when 366 is divided by 80.
46
What is the remainder when 349 is divided by 21?
13
Calculate the remainder when 5871 is divided by 22.
19
What is the remainder when 555 is divided by 21?
9
Calculate the remainder when 638 is divided by 20.
18
What is the remainder when 873 is divided by 23?
22
Calculate the remainder when 348 is divided by 25.
23
Calculate the remainder when 24 is divided by 4.
0
What is the remainder when 2207 is divided by 12?
11
Calculate the remainder when 258 is divided by 4.
2
What is the remainder when 370 is divided by 11?
7
Calculate the remainder when 83 is divided by 32.
19
Calculate the remainder when 283 is divided by 29.
22
Calculate the remainder when 46 is divided by 16.
14
Calculate the remainder when 4163 is divided by 4147.
16
What is the remainder when 174 is divided by 42?
6
Calculate the remainder when 87 is divided by 17.
2
What is the remainder when 240 is divided by 75?
15
Calculate the remainder when 20428 is divided by 45.
43
What is the remainder when 186 is divided by 20?
6
Calculate the remainder when 5635 is divided by 32.
3
Calculate the remainder when 2544 is divided by 19.
17
What is the remainder when 14621 is divided by 4868?
17
What is the remainder when 703 is divided by 64?
63
What is the remainder when 92 is divided by 33?
26
Calculate the remainder when 1401 is divided by 52.
49
What is the remainder when 42418 is divided by 251?
250
Calculate the remainder when 307 is divided by 82.
61
Calculate the remainder when 4920 is divided by 23.
21
Calculate the remainder when 177 is divided by 37.
29
Calculate the remainder when 28807 is divided by 99.
97
What is the remainder when 90 is divided by 5?
0
Calculate the remainder when 105 is divided by 30.
15
Calculate the remainder when 10751 is divided by 283.
280
What is the remainder when 3147 is divided by 45?
42
Calculate the remainder when 6757 is divided by 2248.
13
What is the remainder when 6758 is divided by 26?
24
What is the remainder when 766 is divided by 198?
172
Calculate the remainder when 1244 is divided by 29.
26
Calculate the remainder when 97 is divided by 10.
7
Calculate the remainder when 1254 is divided by 171.
57
What is the remainder when 404 is divided by 27?
26
What is the remainder when 825 is divided by 92?
89
Calculate the remainder when 528 is divided by 30.
18
Calculate the remainder when 627 is divided by 157.
156
What is the remainder when 1175 is divided by 28?
27
What is the remainder when 25 is divided by 17?
8
Calculate the remainder when 2293 is divided by 31.
30
Calculate the remainder when 787 is divided by 102.
73
What is the remainder when 879 is divided by 206?
55
Calculate the remainder when 87 is divided by 19.
11
Calculate the remainder when 927 is divided by 116.
115
Calculate the remainder when 213 is divided by 36.
33
Calculate the remainder when 918 is divided by 49.
36
Calculate the remainder when 2129 is divided by 164.
161
Calculate the remainder when 53 is divided by 38.
15
Calculate the remainder when 117 is divided by 11.
7
What is the remainder when 524 is divided by 10?
4
Calculate the remainder when 631 is divided by 315.
1
Calculate the remainder when 554 is divided by 51.
44
What is the remainder when 117 is divided by 53?
11
Calculate the remainder when 271 is divided by 90.
1
Calculate the remainder when 227 is divided by 118.
109
What is the remainder when 686 is divided by 205?
71
Calculate the remainder when 500 is divided by 123.
8
Calculate the remainder when 413 is divided by 131.
20
What is the remainder when 38 is divided by 26?
12
Calculate the remainder when 1451 is divided by 44.
43
What is the remainder when 63 is divided by 10?
3
Calculate the remainder when 511 is divided by 2.
1
Calculate the remainder when 591 is divided by 49.
3
What is the remainder when 423 is divided by 203?
17
Calculate the remainder when 825 is divided by 81.
15
What is the remainder when 208 is divided by 6?
4
Calculate the remainder when 1781 is divided by 11.
10
What is the remainder when 1395 is divided by 54?
45
Calculate the remainder when 607 is divided by 37.
15
Calculate the remainder when 31 is divided by 18.
13
Calculate the remainder when 165 is divided by 28.
25
What is the remainder when 522 is divided by 397?
125
Calculate the remainder when 1747 is divided by 175.
172
Calculate the remainder when 389 is divided by 187.
15
Calculate the remainder when 819 is divided by 34.
3
What is the remainder when 401 is divided by 51?
44
What is the remainder when 4634 is divided by 40?
34
What is the remainder when 1502 is divided by 71?
11
Calculate the remainder when 4585 is divided by 148.
145
Calculate the remainder when 38905 is divided 